x). Is l(5) a composite number?
False
Let r(b) = 2027*b**3 + 6*b**2 + 7*b + 1. Is r(2) prime?
False
Suppose -5*q - c + 588295 = 0, -5*c + 6*c - 470636 = -4*q. Is q a composite number?
False
Is (-1290)/(-172) - (-296983)/2 prime?
False
Suppose 4*q - w = -0*w + 4, q = 2*w + 8. Suppose -50*r + 47*r + 4191 = q. Is r prime?
False
Let v be (3 + (-1424)/2)/1. Let i = v - -1494. Is i a composite number?
True
Let w(t) = 106*t - 126. Let h(o) = 21*o - 25. Let z(n) = -14*h(n) + 3*w(n). Let i be z(-11). Let b = i + 878. Is b prime?
False
Suppose 511*g - 515*g = -8. Let r be 6/(-5)*(-169 - 1). Suppose 3*w + 4*p - r = -w, -g*p = -4*w + 204. Is w prime?
False
Suppose 35*b - 39*b = 0, 6*b - 459388 = -4*z + 2*b. Is z prime?
True
Let b = -224 - -643. Let y be 217540/(-1043) + (-8)/(-14). Let t = b + y. Is t a composite number?
False
Suppose 157*l = 188*l - 933937. Is l a composite number?
True
Let g = -590 - -131. Let x(o) = 208*o - 30. Let w be x(-5). Let u = g - w. Is u a composite number?
True
Let i = -69 - -71. Is (i + (-18384)/(-2))/2 a composite number?
False
Let r(v) = -v**3 - 23*v**2 - 24*v - 38. Let x be r(-22). Suppose x*g = 2*g + i - 50, 2*g + 28 = 2*i. Let b(l) = -110*l + 41. Is b(g) a prime number?
True
Let k(c) = 7299*c - 860. Is k(9) a composite number?
True
Suppose 0 = 3*m - 6, 7*c - 12*c - 3*m + 29911 = 0. Is c prime?
True
Let z(n) = -n**3 - 13*n - 13. Let s = -156 + 145. Is z(s) prime?
False
Let q(b) = 176*b**3 + 5*b**2 + 4. Suppose -11*p + 14*p + 3*l = 0, 0 = 5*l + 15. Is q(p) composite?
False
Suppose 4*u - 16*a = -20*a + 145252, 3*a = 4*u - 145308. Is u a prime number?
False
Suppose 5*c = 2*d + 1913079 + 941368, 3*c - d = 1712668. Is c a prime number?
False
Is 4/4*(-8 - 184347/(-3)) composite?
False
Suppose -2*j = d + 5, 4*d - 2*j = 4 + 26. Suppose 0 = -d*l + l - 10712. Let o = -1491 - l. Is o a prime number?
True
Suppose -73090 = -3*w - 7*z, 2*w - 2*z = 7*w - 121807. Is w prime?
False
Let v(y) = 3*y**3 - y**3 - 7*y**2 + 23*y + 6 - y**3 + y. Let w be v(12). Suppose 3*u = 3*p - w, -2*p + u = -4*u - 679. Is p composite?
False
Suppose -108*v + 110*v = 0. Suppose -11*y + 3540 + 14687 = v. Is y prime?
True
Suppose -2*p + 3663 = -11*p. Let d = -610 - p. Let f = d - -692. Is f a prime number?
False
Suppose -7598 = 3*m - 3098. Let z = m - -2167. Is z composite?
True
Suppose -14*h - 2*h + 8032 = 0. Is h/(-5)*(-145)/58 a prime number?
True
Let r be (9 - (-24)/(-8)) + -4. Suppose 2*s = -5*w + r*w + 77818, w + 155608 = 4*s. Is s prime?
True
Let z(a) = 35*a + 114. Let u be z(15). Suppose -1540 - u = -l. Is l prime?
True
Let w(q) = -478*q + 83. Let o(g) = -g**2 + 9*g - 17. Let h be o(8). Is w(h) prime?
False
Suppose 42*h + 5*o - 126859 = 38*h, 5*o = -9*h + 285464. Is h a composite number?
False
Suppose -674 = -3*r + 5*y, -7*y - 671 = -3*r - 5*y. Suppose -161*m = -160*m - r. Is m prime?
True
Suppose 119534 = o - 5*f, -f + 2 = -1. Is o prime?
True
Let h = 37867 - 21536. Is h a composite number?
True
Suppose 3*r - 4*r = -1. Let x be (-2 - -5) + -5 + (r - 55). Is (602/(-56))/(2/x) a composite number?
True
Let h = 60701 - 38538. Is h composite?
True
Is (26/2 + 206026)*1 a prime number?
True
Let p(f) = -138*f**3 - f**2 - 10*f - 3. Let h be p(-5). Suppose 18*j - j = -h. Let s = j + 1893. Is s a prime number?
True
Let p(u) = 574*u - 234. Suppose 5*i + t = 98, -3*i - 2*t + 29 + 27 = 0. Is p(i) prime?
False
Let b = 2302259 - 1602562. Is b composite?
False
Let b be (-1400)/340 - 2/(-17). Suppose -l - 4*s = 14, -2 + 0 = -5*l - 2*s. Let d = l - b. Is d a prime number?
False
Let p = -926544 - -1381283. Is p a prime number?
False
Let d(i) = -i**3 + 5*i**2 + 2. Let q be d(5). Suppose 6*z - 48 = q*z. Is 5385/12 - (-3)/z composite?
False
Suppose -5*y + 391607 = -6*l, 4 - 44 = -5*l. Is y a prime number?
False
Let j = 31 + -30. Let z(v) = 1127*v**2 - 74*v**2 + 3*v - j + 0. Is z(1) a prime number?
False
Let a(i) = 123*i**2 + 9*i - 1. Suppose -13 - 5 = 9*r. Let t be (4/7)/(r/(-14)). Is a(t) composite?
False
Is -5*(-5 - -3) + 45271 a prime number?
True
Let k(g) = -320*g - 53. Is k(-2) a composite number?
False
Let f(l) = -l**3 - 16*l**2 - 9*l - 125. Is f(-24) prime?
False
Let u(s) = -571*s + 852. Is u(-47) prime?
True
Let j(c) = -70*c**3 - 12*c**2 + 69*c**3 + 0*c - 55 + 0*c. Is j(-18) prime?
True
Let o(i) be the first derivative of 5*i**2/2 + 4153*i - 14. Is o(0) composite?
False
Let l(a) = a**3 - 17*a**2 - 120*a + 415. Is l(54) composite?
True
Let g = -87 + 83. Let f(z) = -z**2 + 1. Let b(m) = -16*m**2 - 8*m - 8. Let q(t) = -b(t) - 5*f(t). Is q(g) a composite number?
False
Let n(u) = 12*u**2 + 269*u + 638. Is n(81) prime?
True
Suppose 26*z + 114 = 7*z. Let w(b) = b**3 + 6*b**2 - 6*b + 6. Let d(h) = h**3 + 7*h**2 - 7*h + 6. Let i(c) = z*w(c) + 5*d(c). Is i(-5) composite?
False
Suppose -80*q = -3340337 - 4964032 - 6485471. Is q a prime number?
False
Let w = 256756 - -13821. Is w prime?
True
Let z = -962 - -881. Is ((-37226)/6 + -3)*z/18 a composite number?
True
Suppose 208086 = -22*g + 1164580. Is g a composite number?
True
Suppose 9*s = 440 + 433. Let r = s + -29. Suppose 70*x - 1718 = r*x. Is x composite?
False
Let z(r) = -r**2 - 14*r - 36. Let c be z(-10). Suppose 2*l - 7*l + 1059 = w, 5*l - 1039 = c*w. Is l a composite number?
False
Suppose 32 = 3*o - m, 2*m + 21 = 4*o - 25. Suppose 5*q - o*q = -4388. Is q a prime number?
True
Suppose 2*g - 5*t - 6429263 - 2398568 = 0, -3*g + 5*t = -13241744. Is g composite?
True
Let i = 138052 - 85575. Is i a composite number?
True
Let a = -89 + 115. Suppose a*l = 9*l + 4658. Is l a prime number?
False
Suppose 49207 - 208960 = -47*q. Let g be (2 - -5 - 1) + -2. Suppose g*f = f + q. Is f prime?
False
Let b be (25/(-9))/(-1) - (-194)/873. Is (-3 + 3 - b - -3) + 1267 a prime number?
False
Let w = 52 + -48. Let z be w/(-6) - (-88)/33. Suppose -z*t + 602 = 16. Is t prime?
True
Suppose 13 = -41*a + 218. Let n(d) = 2425*d**2 + 12*d - 2. Is n(a) composite?
True
Let s = 11 + 23. Suppose y + 59 = 3*f - 0*y, -2*f + s = -2*y. Is (-257)/(2 + (-45)/f) a prime number?
False
Let x = -886475 - -1661452. Is x a composite number?
True
Let g(b) = 3 + 479*b**2 + 1916*b**2 - 7*b + 12*b. Is g(-1) prime?
True
Is (-12 - -10)/(((-2)/40897)/1) a composite number?
False
Suppose -19*q = q. Is (74246/(-3) - q)*(-3)/2 composite?
False
Let i = 2232 + -1073. Suppose i = l - 3*t - 2*t, -t = -5*l + 5699. Is l composite?
True
Is 0 + -1 + 3 + (388888 - -19) prime?
False
Let s = 1845 + -2586. Let d(z) = 295*z - 1. Let o be d(-1). Let c = o - s. Is c prime?
False
Let l be -7 + 3 - ((-6881)/1 + 4). Suppose -4*u + l + 4763 = 0. Is u composite?
False
Is (-18)/18 - 5 - (-34063)/1 a composite number?
False
Suppose -10*a - 5*f = -8*a - 87612, -4*f - 131395 = -3*a. Is a a prime number?
True
Let m = 55954 - 27205. Let z be 2/7 - m/(-49). Suppose -u + z = -1146. Is u composite?
False
Let n(r) = -257*r + 3615. Is n(-119) composite?
True
Let f be -5 + (2*-12)/6. Let a(i) = -883*i + 38. Is a(f) a composite number?
True
Let v(n) = -2 + 13*n + n**3 - 17 - 11 + 16 - 12*n**2. Let b be v(11). Let o(p) = p**3 - 6*p**2 - 7*p + 17. Is o(b) prime?
True
Let l = 5606 - 151. Suppose -2*i - 2*t + 7*t = -2695, l = 4*i + 3*t. Let r = -489 + i. Is r prime?
False
Let u(v) = 136*v**2 - 2*v + 3. Suppose -4*z + 2*z = -5*d + 26, -5*z = -2*d + 2. Suppose 3*h + 0 = -d. Is u(h) composite?
True
Suppose 3*d - 1860 = 1578. Suppose s - d = 910. Suppose -3*m + 4*m = v - s, -2*m = -3*v + 6165. Is v prime?
True
Let l(x) = -x**3 - 6*x**2 - 2*x - 6. Let f be l(-3). Let z = -27 - f. Suppose -5*s - 2*h + 1247 = z, -5 = h - 1. Is s composite?
False
Suppose 5*j + 4124906 = -23*j + 28678470. Is j composite?
False
Suppose -243540 = 22*i - 834614. Is i a composite number?
True
Suppose 3390150 = 17*w - 40229. Is w prime?
True
Let g be (10 - -5)*8/5. Suppose -3*z = z - g. Let c(y) = y**3 + y**2 - 10*y - 5. Is c(z) prime?
False
Suppose -8*f - 3*t = -4*f - 1369951, -f + 2*t + 342485 = 0. Is f a composite number?
True
Suppose -5*f + 5*d = 90, -d + 2 - 12 = f. Let y(s) = s**3 + 20*s**2 + 44*s + 23. Is y(f) a prime number?
False
Let x(b) = 360*b + 17. Let n(s) = -357*s - 16. Let k(g) = -5*n(g) - 6*x(g). Is k(-23) a prime number?
False
Suppose -3*q = -3*m + 510681, q + 1531979 = 9*m - 0*m. Is m composite?
True
Suppose 47466 = 21*s +